is the remainder when 59 is divided by 53?
6
What is the remainder when 213 is divided by 17?
9
Calculate the remainder when 982 is divided by 450.
82
What is the remainder when 92 is divided by 12?
8
What is the remainder when 925 is divided by 225?
25
What is the remainder when 234 is divided by 80?
74
Calculate the remainder when 5363 is divided by 234.
215
Calculate the remainder when 271 is divided by 7.
5
What is the remainder when 542 is divided by 32?
30
Calculate the remainder when 3861 is divided by 764.
41
Calculate the remainder when 167 is divided by 34.
31
Calculate the remainder when 1089 is divided by 28.
25
What is the remainder when 291 is divided by 57?
6
What is the remainder when 3583 is divided by 37?
31
What is the remainder when 428 is divided by 24?
20
What is the remainder when 113 is divided by 13?
9
Calculate the remainder when 171 is divided by 147.
24
What is the remainder when 383 is divided by 95?
3
Calculate the remainder when 195 is divided by 23.
11
Calculate the remainder when 438 is divided by 55.
53
Calculate the remainder when 110 is divided by 23.
18
Calculate the remainder when 4129 is divided by 5.
4
Calculate the remainder when 269 is divided by 94.
81
Calculate the remainder when 267 is divided by 10.
7
What is the remainder when 2361 is divided by 140?
121
Calculate the remainder when 1561 is divided by 58.
53
Calculate the remainder when 389 is divided by 27.
11
What is the remainder when 1127 is divided by 60?
47
Calculate the remainder when 39 is divided by 20.
19
Calculate the remainder when 10378 is divided by 5.
3
What is the remainder when 36 is divided by 28?
8
What is the remainder when 75 is divided by 6?
3
What is the remainder when 2435 is divided by 788?
71
Calculate the remainder when 1363 is divided by 91.
89
What is the remainder when 85 is divided by 9?
4
Calculate the remainder when 260 is divided by 34.
22
What is the remainder when 1099 is divided by 13?
7
Calculate the remainder when 107 is divided by 56.
51
Calculate the remainder when 1889 is divided by 90.
89
What is the remainder when 36 is divided by 13?
10
What is the remainder when 3770 is divided by 82?
80
Calculate the remainder when 39 is divided by 14.
11
What is the remainder when 46 is divided by 6?
4
Calculate the remainder when 605 is divided by 604.
1
Calculate the remainder when 47 is divided by 16.
15
Calculate the remainder when 2473 is divided by 225.
223
What is the remainder when 42 is divided by 14?
0
Calculate the remainder when 93 is divided by 8.
5
Calculate the remainder when 20799 is divided by 160.
159
Calculate the remainder when 378 is divided by 81.
54
What is the remainder when 334 is divided by 45?
19
What is the remainder when 188 is divided by 6?
2
What is the remainder when 162 is divided by 84?
78
Calculate the remainder when 307 is divided by 153.
1
Calculate the remainder when 534 is divided by 27.
21
Calculate the remainder when 487 is divided by 70.
67
Calculate the remainder when 265 is divided by 247.
18
Calculate the remainder when 113 is divided by 57.
56
What is the remainder when 19 is divided by 7?
5
What is the remainder when 321 is divided by 65?
61
Calculate the remainder when 3481 is divided by 868.
9
What is the remainder when 691 is divided by 28?
19
What is the remainder when 187 is divided by 10?
7
Calculate the remainder when 951 is divided by 28.
27
Calculate the remainder when 1624 is divided by 22.
18
What is the remainder when 226 is divided by 33?
28
Calculate the remainder when 49 is divided by 17.
15
What is the remainder when 39 is divided by 30?
9
Calculate the remainder when 92 is divided by 47.
45
What is the remainder when 253 is divided by 43?
38
Calculate the remainder when 492 is divided by 32.
12
Calculate the remainder when 996 is divided by 11.
6
What is the remainder when 223 is divided by 24?
7
What is the remainder when 269 is divided by 69?
62
What is the remainder when 323 is divided by 101?
20
Calculate the remainder when 159 is divided by 84.
75
Calculate the remainder when 5642 is divided by 33.
32
What is the remainder when 425 is divided by 59?
12
What is the remainder when 245 is divided by 68?
41
What is the remainder when 1281 is divided by 107?
104
What is the remainder when 2335 is divided by 137?
6
What is the remainder when 333 is divided by 10?
3
Calculate the remainder when 621 is divided by 10.
1
Calculate the remainder when 456 is divided by 51.
48
What is the remainder when 24 is divided by 5?
4
What is the remainder when 283 is divided by 150?
133
What is the remainder when 2693 is divided by 262?
73
What is the remainder when 784 is divided by 22?
14
Calculate the remainder when 9117 is divided by 160.
157
Calculate the remainder when 525 is divided by 14.
7
Calculate the remainder when 521 is divided by 161.
38
Calculate the remainder when 441 is divided by 16.
9
What is the remainder when 2765 is divided by 36?
29
Calculate the remainder when 165 is divided by 34.
29
What is the remainder when 33 is divided by 3?
0
What is the remainder when 2887 is divided by 34?
31
Calculate the remainder when 212 is divided by 25.
12
What is the remainder when 877 is divided by 175?
2
What is the remainder when 382 is divided by 43?
38
What is the remainder when 956 is divided by 137?
134
Calculate the remainder when 4372 is divided by 7.
4
Calculate the remainder when 309 is divided by 13.
10
Calculate the remainder when 1046 is divided by 173.
8
Calculate the remainder when 95 is divided by 37.
21
What is the remainder when 173 is divided by 44?
41
What is the remainder when 170 is divided by 39?
14
Calculate the remainder when 501 is divided by 8.
5
What is the remainder when 53 is divided by 17?
2
What is the remainder when 320 is divided by 107?
106
What is the remainder when 778 is divided by 19?
18
Calculate the remainder when 424 is divided by 38.
6
Calculate the remainder when 164 is divided by 11.
10
Calculate the remainder when 13 is divided by 2.
1
Calculate the remainder when 632 is divided by 308.
16
Calculate the remainder when 1789 is divided by 311.
234
Calculate the remainder when 59 is divided by 5.
4
What is the remainder when 367 is divided by 53?
49
What is the remainder when 195 is divided by 49?
48
Calculate the remainder when 447 is divided by 14.
13
What is the remainder when 738 is divided by 57?
54
Calculate the remainder when 2234 is divided by 248.
2
Calculate the remainder when 8859 is divided by 14.
11
Calculate the remainder when 77 is divided by 42.
35
What is the remainder when 337 is divided by 15?
7
Calculate the remainder when 1297 is divided by 10.
7
Calculate the remainder when 490 is divided by 176.
138
Calculate the remainder when 436 is divided by 161.
114
What is the remainder when 597 is divided by 86?
81
What is the remainder when 504 is divided by 242?
20
What is the remainder when 107 is divided by 29?
20
What is the remainder when 2374 is divided by 18?
16
What is the remainder when 317 is divided by 36?
29
What is the remainder when 154 is divided by 70?
14
What is the remainder when 228 is divided by 59?
51
Calculate the remainder when 528 is divided by 326.
202
Calculate the remainder when 28 is divided by 19.
9
Calculate the remainder when 33081 is divided by 9.
6
What is the remainder when 937 is divided by 235?
232
Calculate the remainder when 30 is divided by 23.
7
Calculate the remainder when 1153 is divided by 24.
1
What is the remainder when 933 is divided by 13?
10
Calculate the remainder when 215 is divided by 18.
17
Calculate the remainder when 13 is divided by 1.
0
What is the remainder when 556 is divided by 145?
121
What is the remainder when 115 is divided by 9?
7
Calculate the remainder when 1040 is divided by 12.
8
Calculate the remainder when 1020 is divided by 33.
30
What is the remainder when 317 is divided by 30?
17
Calculate the remainder when 146 is divided by 15.
11
Calculate the remainder when 3506 is divided by 77.
41
Calculate the remainder when 242 is divided by 90.
62
Calculate the remainder when 29197 is divided by 365.
362
Calculate the remainder when 1988 is divided by 659.
11
Calculate the remainder when 811 is divided by 34.
29
What is the remainder when